(-32 - (-69 + -14)) + -48?
3
What is (1 - -143) + -49 - (-4 + -1 + -12)?
112
Evaluate (720 - 723) + (1 - -3 - 37).
-36
What is the value of (-6 - (-8 + -73 + -4)) + 3?
82
What is the value of 0 + (-1 - -74) - (32 + -34 + (-29 - -39))?
65
What is (15 - -2) + -8 - (31 + 1)?
-23
What is the value of 18 - (14 - (-76 - -27))?
-45
What is the value of -4 - (14 + -7 + -7 + 30)?
-34
What is the value of 138 - (79 - (-137 - -168))?
90
What is (17 - (98 - -14)) + 146?
51
Evaluate -59 - ((29 - 14) + -96).
22
-2 + -5 + (37 - ((-10 - -24) + -22))
38
Evaluate (2 - 2) + 31 + -10 + (-19 - -25) - -1.
28
Evaluate 4 + (2 - (3 - (5 - (-13 + 13)))).
8
Calculate 3 - -4 - (-2 + 8 + -79 + 17).
63
Calculate -16 + 9 - (38 + -59 + -8 + -3).
25
What is (-19 - -70) + -21 + 6?
36
Calculate -20 - (13 + 10 + (-87 - 3)).
47
What is -3 + -3 + 13 + 108 + -99?
16
What is the value of ((0 - -5) + -8 - -61) + (16 + 9 - 20)?
63
Evaluate 14 - (11 + (-25 + 13 - 41) + (5 - 2)).
53
What is (7243 - 7188) + (1 - 101)?
-45
Evaluate 77 + 95 + -187 - -41.
26
What is the value of 18 + -51 + (19 - -39) + -133?
-108
What is 5 - (-8 + 0 + (24 - (17 + -4)) + 3)?
-1
Calculate -22 - (-16 + -21 - -17).
-2
Evaluate 143 + -80 - 31 - 36.
-4
Evaluate -21 - (15 + (4 + -23 - -13 - -1)).
-31
Calculate -2 + (-34 + (-12 - -6) - (15 - 9)).
-48
Calculate -16 + 128 - (10 + -7 + 30).
79
Calculate -91 + (-83 - (57 + -157)).
-74
What is 1 + -1 + -8 + -51 + 60 + 26?
27
Calculate -10 - 10 - (-296 - -355).
-79
What is (3 - 15) + 2 + -16 + (-53 - -24) + 36?
-19
Calculate 17 + (-93 - 6) - -5 - (-1 + -2).
-74
Calculate 54 - 33 - (95 - 36) - (-12 - 0).
-26
What is -5 + (-16 + 3 - (5 + (7 - 82)))?
52
-7 - (8 - (47 + -18 + -3 + 10))
21
Calculate -23 + 52 - 48 - (-26 + 1).
6
What is the value of (1 - 2) + 11 - (48 + 36 - 111)?
37
42 + 97 + -31 - (-5 + (1 - -18))
94
What is the value of -79 + (7 - -11) + 2 + 7 + 8?
-44
Evaluate (0 - -34) + 4 + (17 - 13) + 1.
43
Calculate (13 + 18 - 31) + -2 + 5 - (-85 - 3).
91
59 + 0 + 35 + (-10 - 3) + -3 + -12
66
15 + -24 + 16 + (-2 - -2) + -33
-26
Calculate -35 + 47 - (15 + -14 + (-5 - -1) + 1).
14
Evaluate (-73 - -35) + 52 + -57.
-43
What is 11 + (-11 - (-99 - -3)) + 5 + (-5 - 4)?
92
-324 + 295 - ((8 - -71) + 1)
-109
Evaluate 4 + -2 - (5288 - 5171 - (-1 + 0 + -6)).
-122
What is the value of (-8 - -40) + 1 + -27 + (64 - 35)?
35
What is the value of 2 + 3 - (-31 - (-13 - -1))?
24
4 + (0 - (0 + 11 + 5 + -15))
3
What is the value of (-39 + 69 - 68) + -10?
-48
Calculate 24 + (-5 - -30 - 60) + 1 + 55.
45
What is 1 - -2 - (80 + -59 - (-7 + 57))?
32
Calculate 8 + -2 + 3 - (-57743 - -57716).
36
What is -1 + -81 + (-572 - -602)?
-52
-47 + (0 - (-4 + 1) - (-23 + 32)) + -4
-57
What is the value of (-32 - (-6 + -6) - -9) + 7 - (-124 - 4)?
124
What is the value of -8 + -3 + (58 - 9) + -2 - -9?
45
Calculate -105 + (98 - 52) + -2.
-61
Evaluate -166 + 155 + (47 - 6).
30
Evaluate -1 + 19 - (-602 - -633).
-13
Calculate 24 + (9 - -9) - 0.
42
Evaluate (83 - (6 - 9 - -29)) + 12.
69
Calculate 87 + -96 + (-6 + 44 - 11).
18
What is the value of 80 + -14 + -15 + -19?
32
Calculate 2 + -46 + (-32 - (0 + -22) - 5).
-59
(37 - 29 - -79) + (9 - 9)
87
What is the value of (1454 - 1516) + 0 + 83?
21
-15 + (-7 - (-4 - 11) - -71)
64
What is the value of -90 + (20 + -8 - -3 - 3) - (5 - -1)?
-84
113 + -19 + -11 + 37 + -61
59
What is the value of -48 + -69 - -94 - -76?
53
Calculate (-3 - -14) + (26 - 48) - 5.
-16
What is 66 - (-69 + 7) - 13?
115
(2 - (-4 - -8 - -10)) + 7 - -45
40
Calculate -28 + 52 + -98 + 50.
-24
Evaluate -125 + 73 + -18 + 50.
-20
17 + (1 + -6 - (-9 - (-25 - -13)))
9
What is the value of -56 - (-34 - (-53 + 44))?
-31
Calculate (-2 - -12 - 41) + 4.
-27
What is -369 + 382 + -1 + -6 - -49?
55
((-15 - ((4 - 20) + 10)) + -11 - -10) + -10
-20
What is the value of 9 + 230 - (-226 + 383)?
82
What is 47 + (-7 - ((-16 - -29) + -13) - 1 - 0)?
39
Calculate (0 + 1 + 97 + -59 - -5) + (-3 - 2).
39
52 + 35 + (-11 - -10) + -19 + 0
67
What is the value of 73 + (-393 - -381) + -2 + 19?
78
What is -1 + 0 + -1 - (-97 + (38 - 36 - -4))?
89
-10 + (7 - 24) + (4 - 14 - -11)
-26
Calculate (8 - (35 + (-19 - -8) + -2 + -10)) + -6.
-10
(-182 - -76 - -207) + -85
16
Calculate -11 - -5 - (36 + (-13 - 10) + (-113 - -2)).
92
Evaluate (86 - -9 - 6) + (-6 - (-16 + 17)) - 11.
71
66 + 64 + (-25 - 56)
49
(44 - 1) + -9 + (-27 - -10) + 15
32
Evaluate -117 + (57 - 2) - -77.
15
Calculate (41 - -2 - (48 + -37)) + 15.
47
What is (-8 + 3 - -14 - (85 + 1)) + 12 + -16?
-81
What is -88 + 5 + 34 + 42?
-7
What is 2 - 6 - (-134 + 1 + 14 + 2)?
113
Evaluate 3 + -1 - ((-1 - -31) + (-260 - -192)).
40
What is -26 + -11 + (-25 - (-1 - 24))?
-37
Evaluate (-67 - -65) + 51 - 85.
-36
(2 - -18) + 227 + -245 - 52
-50
Calculate -10 + 0 - (-71 + (-200 - -220 - (35 - 0))).
76
Calculate -11 - (-2 - 16) - -31.
38
Evaluate -4 + (57 - 4) + 2.
51
Evaluate -8 + (8 + -11 - -15) - (25 + -15).
-6
What is -51 + 76 + -58 + 0?
-33
Calculate -83 + -24 + (66 - 33) + 20.
-54
What is 80 - 107 - (-39 - -12)?
0
0 + (20 - 13) + 3 + 5 + -8 + -67
-60
What is the value of 10 + (-16 - 36) - -38?
-4
Evaluate 11 + 0 - (4 + 16 + (9 - 39)).
21
What is the value of -1 + (-4 - -3) - (9 - (-28 - -12 - -10))?
-17
Evaluate -8 + (-2 - 1 - ((20 - 31) + 4)).
-4
224 + -206 + 3 + -21
0
What is (19 + (-1 - -5) - 27) + -65?
-69
What is the value of 52 + 1 - (4 + (-3 - 5) + -291 + 292)?
56
What is the value of -9 + -5 + 116 - (32 - 17) - (11 - -1)?
75
10 - (86 - (5 - 4) - ((-10 - -2) + 16))
-67
What is the value of 481 - 477 - (15 + -31)?
20
Calculate 23 - (-66 + -35 - -112).
12
Evaluate 95 + -32 - 83 - 36.
-56
Calculate 7 - -3 - 8 - ((-66 - (5 + 6)) + -1).
80
Evaluate -78 + -4 + -1 + (83 - 76) + -24.
-100
Calculate 17 + -4 + -1 + -4 + -5 - (-3 + 46).
-40
Calculate -1899 + 1847 + (-4 - -12).
-44
What is -45 + (60 - 46 - -37)?
6
-20 + 19 + -140 - (10 + (7 - 11) - 21)
-126
Evaluate -10 + -51 + 28 + 12.
-21
Evaluate 175 + -179 + (-5 - 7).
-16
139 - ((285 - 121) + -154)
129
Evaluate 2 - (7 + 1) - (6 + (12 - (-1 - -15))).
-10
What is 16 - (15 - (0 - (5 - 36)))?
32
Evaluate 10167 + -10216 - ((1 - 0) + 2).
-52
Calculate -32 + 82 + (-13 - -2) + (135 - 139).
35
-5 - -81 - -3 - (-16 + 32 + -9)
72
Calculate -79 + -7 + 5 + (-101 + 104 - (4 + -1)).
-81
Calculate 11 + (22 - 62) + 82 + 1.
54
-7 + -9 + 29 + 43 + (6 - (12 - -6))
44
What is 15 + -4 - 21 - -34?
24
What is 122 + -131 - (0 + -51)?
42
Calculate 67 + (-17 + 46 + -34 - (0 + 5)).
57
-42 - ((-64 - -3) + 30) - (25 - -1)
-37
-39 - 262 - -46 - -135
-120
What is the value of 13 - (-4 - (4 - 19 - -6)) - -27?
35
What is the value of (-9 - (-18 - (-13 - -6)) - 21) + 1 + 8?
-10
Calculate 3 + (-5 - -4) - (-36 + 106 + -49).
-19
Evaluate -142 + 72 + 41 - -76.
47
Calculate 13 - -2 - (16 + -21 + 13 - -4).
3
-17 - (41 - (27 - (2 + 6)))
-39
Evaluate (1 - -21) + (0 + -34 - (-876 - -841)).
23
(106 - -12) + -392 + 275
1
What is the value of -15 + 21 + -13 - (9 - (45 - (2 - -2)))?
25
Calculate 8 - (57 + -31 + -13).
-5
Evaluate 30 - (-68 + 64 + 24).
10
19 + -29 + 63 + -35
18
What is 31 + -54 + (4 - -37)?
18
What is the value of 13 + -1 + (-9 - 9 - -14)?
8
Evaluate (12 - 13) + (191 - 217).
-27
Calculate 11 - (-6 + (3 - (15 + -40))).
-11
What is (26 - 27) + (1 - 1) - (-1 + -27 - -4)?
23
What is the value of 9 + -12 + 6 + (-82 + 90 - (-1 + 15))?
-3
11096 + -11004 - (-1 - -2 - (-5 - -1))
87
(0 - 130) + -119 + (78 - -65)
-106
Calculate -36 + (-13 + 6 + 1 - (18 + -28)) + 5.
-27
What is the value of 41 + (-58 - (81 - -9))?
-107
Calculate 18 + -5 - (13 + -2).
2
Calculate -27 + 30 + (-69 - -55).
-11
What is -67 + 0 + (-27 - 15) + 52?
-57
Evaluate (11 - (48 + -30)) + (0 + 2 - -85).
80
What is 20 - (-18 + 29 + -12 + 1 + (8 - 1))?
13
-8 + 1 - (3 - (16 + -12)) - (-28 + 0)
22
What is the value of (-7 - -38) + 232 + -259?
4
(183 - 112) + (4 + -6 + 13 - -8)
90
Calculate -11 - (4 + (-15 + 9 - 3) - 1).
-5
What is the value of -48 + (-62 - -63 - 5)?
-52
(-15 - (5 - 25) - 2) + (-1 - -33)
35
Evaluate (-43 - -157) + -113 + 29 + (3 - (3 + 2)).
28
Calculate (-80 - -74) + (59 - (7 + -7 + 2)).
51
37 + 79 + -53 + 16 + -17
62
Evaluate -41 + 98 + (56 - -5 - 26).
92
What is the value of 17 - (134 + 1 + -11 + 70 + -73)?
-104
What is (-46 - (-3 + -4)) + 2 - (12 - 23)?
-26
-1 - 2 - (-33 - (-1 - (-16 + 3)))
42
Evaluate 